igit of 9039632?
2
What is the ten thousands digit of 8869131?
6
What is the units digit of 1082952?
2
What is the tens digit of 19826431?
3
What is the tens digit of 11701954?
5
What is the units digit of 1800983?
3
What is the hundred thousands digit of 3172809?
1
What is the units digit of 192090?
0
What is the thousands digit of 6655074?
5
What is the ten thousands digit of 32740?
3
What is the units digit of 120557?
7
What is the hundred thousands digit of 623934?
6
What is the hundreds digit of 3272259?
2
What is the ten thousands digit of 111249?
1
What is the tens digit of 2590324?
2
What is the hundreds digit of 1234008?
0
What is the thousands digit of 500482?
0
What is the thousands digit of 16483250?
3
What is the ten thousands digit of 1345764?
4
What is the hundred thousands digit of 983212?
9
What is the thousands digit of 122332?
2
What is the thousands digit of 1547836?
7
What is the ten thousands digit of 155207?
5
What is the hundreds digit of 7838084?
0
What is the tens digit of 13991336?
3
What is the ten millions digit of 37028286?
3
What is the hundreds digit of 3264698?
6
What is the millions digit of 2097663?
2
What is the hundred thousands digit of 119318?
1
What is the hundred thousands digit of 3515256?
5
What is the units digit of 76661?
1
What is the hundreds digit of 4508053?
0
What is the thousands digit of 5324678?
4
What is the hundreds digit of 79741?
7
What is the hundred thousands digit of 13187627?
1
What is the hundred thousands digit of 10022740?
0
What is the ten thousands digit of 3305551?
0
What is the hundred thousands digit of 3897823?
8
What is the thousands digit of 650446?
0
What is the units digit of 750390?
0
What is the hundreds digit of 4231666?
6
What is the hundreds digit of 3217331?
3
What is the tens digit of 946743?
4
What is the thousands digit of 11728388?
8
What is the tens digit of 178318?
1
What is the units digit of 7770550?
0
What is the tens digit of 102328?
2
What is the units digit of 820025?
5
What is the hundreds digit of 755493?
4
What is the thousands digit of 17462?
7
What is the hundreds digit of 17139575?
5
What is the tens digit of 8903932?
3
What is the hundred thousands digit of 270632?
2
What is the thousands digit of 1889751?
9
What is the units digit of 490706?
6
What is the thousands digit of 8249848?
9
What is the units digit of 10344876?
6
What is the thousands digit of 3517254?
7
What is the units digit of 25663?
3
What is the thousands digit of 112168?
2
What is the ten thousands digit of 65762?
6
What is the hundred thousands digit of 105523?
1
What is the units digit of 131554?
4
What is the tens digit of 414558?
5
What is the units digit of 481385?
5
What is the hundred thousands digit of 1419596?
4
What is the hundred thousands digit of 15284128?
2
What is the hundreds digit of 1098735?
7
What is the hundreds digit of 21367?
3
What is the hundred thousands digit of 911613?
9
What is the thousands digit of 6138560?
8
What is the ten thousands digit of 76428?
7
What is the hundreds digit of 8010161?
1
What is the hundreds digit of 1783711?
7
What is the ten thousands digit of 236721?
3
What is the hundred thousands digit of 657358?
6
What is the hundreds digit of 12020?
0
What is the millions digit of 3139097?
3
What is the tens digit of 13841103?
0
What is the millions digit of 19775847?
9
What is the hundred thousands digit of 299096?
2
What is the ten thousands digit of 3441901?
4
What is the ten thousands digit of 2483586?
8
What is the hundreds digit of 518550?
5
What is the ten millions digit of 10135078?
1
What is the hundreds digit of 21348?
3
What is the hundreds digit of 106656?
6
What is the ten thousands digit of 162068?
6
What is the millions digit of 1406366?
1
What is the ten thousands digit of 4655490?
5
What is the tens digit of 1143327?
2
What is the units digit of 6952439?
9
What is the hundreds digit of 93932?
9
What is the hundreds digit of 679766?
7
What is the hundreds digit of 408554?
5
What is the thousands digit of 115094?
5
What is the hundred thousands digit of 1607127?
6
What is the ten thousands digit of 5336569?
3
What is the units digit of 20106802?
2
What is the hundreds digit of 203232?
2
What is the ten thousands digit of 146451?
4
What is the units digit of 17485419?
9
What is the ten thousands digit of 1333561?
3
What is the thousands digit of 71100?
1
What is the units digit of 1286827?
7
What is the hundreds digit of 219280?
2
What is the hundred thousands digit of 611091?
6
What is the hundreds digit of 4456883?
8
What is the hundred thousands digit of 119478?
1
What is the ten millions digit of 25825774?
2
What is the hundred thousands digit of 233513?
2
What is the ten millions digit of 18341614?
1
What is the thousands digit of 478492?
8
What is the millions digit of 4982928?
4
What is the tens digit of 25475192?
9
What is the units digit of 2040079?
9
What is the units digit of 614231?
1
What is the tens digit of 694060?
6
What is the tens digit of 384545?
4
What is the hundred thousands digit of 4618077?
6
What is the units digit of 319968?
8
What is the tens digit of 8132799?
9
What is the units digit of 3822211?
1
What is the tens digit of 193568?
6
What is the hundreds digit of 2510853?
8
What is the units digit of 13246?
6
What is the hundred thousands digit of 148895?
1
What is the thousands digit of 562842?
2
What is the ten thousands digit of 3771816?
7
What is the hundreds digit of 549526?
5
What is the hundred thousands digit of 219946?
2
What is the hundred thousands digit of 11120538?
1
What is the millions digit of 2623204?
2
What is the hundreds digit of 1476081?
0
What is the tens digit of 847670?
7
What is the ten thousands digit of 550625?
5
What is the hundreds digit of 131967?
9
What is the thousands digit of 494474?
4
What is the tens digit of 2705552?
5
What is the ten thousands digit of 430774?
3
What is the hundred thousands digit of 258111?
2
What is the ten thousands digit of 1694644?
9
What is the ten thousands digit of 661970?
6
What is the tens digit of 588959?
5
What is the ten thousands digit of 3293418?
9
What is the units digit of 6434148?
8
What is the units digit of 155974?
4
What is the ten thousands digit of 31680?
3
What is the units digit of 1036489?
9
What is the hundred thousands digit of 181455?
1
What is the thousands digit of 9576809?
6
What is the millions digit of 4004099?
4
What is the units digit of 296870?
0
What is the hundred thousands digit of 190524?
1
What is the tens digit of 8490?
9
What is the hundreds digit of 862802?
8
What is the hundred thousands digit of 2763905?
7
What is the units digit of 149799?
9
What is the hundred thousands digit of 25441411?
4
What is the units digit of 28164?
4
What is the tens digit of 3848350?
5
What is the tens digit of 3634476?
7
What is the tens digit of 559851?
5
What is the hundreds digit of 1869972?
9
What is the hundreds digit of 71502?
5
What is the units digit of 109911?
1
What is the tens digit of 327176?
7
What is the tens digit of 161156?
5
What is the hundred thousands digit of 143391?
1
What is the thousands digit of 2215822?
5
What is the units digit of 602390?
0
What is the units digit of 3898358?
8
What is the hundred thousands digit of 1381328?
3
What is the hundreds digit of 3305416?
4
What is the hundreds digit of 358649?
6
What is the hundred thousands digit of 2191482?
1
What is the millions digit of 1971904?
1
What is the units digit of 98035?
5
What is the millions digit of 5980474?
5
What is the ten thousands digit of 211378?
1
What is the tens digit of 7734576?
7
What is the ten thousands digit of 281698?
8
What is the thousands digit of 239910?
9
What is the tens digit of 708044?
4
What is the hundred thousands digit of 805323?
8
What is the ten thousands digit of 25780855?
8
What is the ten thousands digit of 420622?
2
What is the ten thousands digit of 1457913?
5
What is the thousands digit of 564033?
4
What is the tens digit of 25027668?
6
What is the hundreds digit of 660636?
6
What is the hundred thousands digit of 16540883?
5
What is the hundred thousands digit of 18314327?
3
What is the ten thousands digit of 162878?
6
What is the units digit of 904432?
2
What is the ten thousands digit of